e 234420 - 4520 = 44*h. What is the tens digit of h?
2
Let n = 631 - 429. Let q = n - -192. What is the tens digit of q?
9
Suppose j + 3*z - 60670 = 0, -2*j + 190821 - 69453 = 2*z. What is the thousands digit of j?
0
Let t(p) = p**3 + 30*p**2 - 45*p - 7. Let l be t(-14). Suppose l = 9*f - 4602. What is the tens digit of f?
2
Suppose 0 = -17*x + 32*x - 9 - 36. Let r(y) = y + 6. Let c be r(-6). What is the tens digit of 6/x + c + (1 - -58)?
6
Suppose 0 = 4*y + 4*y. Suppose -2*i = r - y*i + 8, -32 = 4*r + i. What is the units digit of (-46)/r + -2*(-1)/8?
6
Suppose 2*t + 3*v = 7140, -2*v + 25 = 29. Suppose k = 5*f - t - 3333, f = 5*k + 1386. What is the units digit of f?
1
What is the units digit of (-2)/154*-33*25473?
7
Let x(i) = i**2 + 21*i - 17. Let m be x(-22). Suppose -5*o = -m*g + 124 + 3346, 0 = -5*g + o + 3482. Suppose 5*z = g + 118. What is the tens digit of z?
6
What is the units digit of (-92224)/(-13) + (868/(-403) - -2)?
4
What is the tens digit of (-5254)/(2 - (3 - -1)) - (-28 + 33)?
2
Suppose -11*c + 379533 = 101685 - 205558. What is the thousands digit of c?
3
Suppose -2*g - 4*i = -644, -2*g - 3*i + 460 = -179. Suppose -122*v - g = -124*v. What is the units digit of v?
6
Let i(t) = -t**3 + 13*t**2 - 11*t - 5. Let g(k) = 13*k**3 - 1. Let p be g(1). Let d be i(p). Suppose 0 = -11*y + d*y + 852. What is the units digit of y?
3
Let k(q) be the third derivative of 23*q**5/120 - 7*q**4/12 - q**3/3 + 5*q**2. Let i(b) be the first derivative of k(b). What is the units digit of i(4)?
8
Let u(v) = -21*v + 37. Let c(d) = 20*d - 38. Let y(f) = -4*c(f) - 5*u(f). What is the tens digit of y(6)?
1
Suppose -24*i - 38*i = 127*i - 318843. What is the tens digit of i?
8
Let u(q) = 91*q + 3. Let z(x) = 92*x + 4. Let s(j) = 5*u(j) - 4*z(j). What is the units digit of s(5)?
4
Suppose 0 = -5*t + 2*o + 49474, 59*o - 64*o - 49465 = -5*t. What is the thousands digit of t?
9
Suppose -580 = -w - 3*x, -5*w - x = x - 2952. Suppose 166*p - 168*p + 170 = 0. Suppose -r - 523 = -4*u + p, 3*r - w = -4*u. What is the tens digit of u?
5
What is the hundreds digit of (-1197)/(-105) + -11 + (-73928)/(-5)?
7
Let y(z) = -2*z**3 + z**2 + 15*z - 26. Let v(l) = l**3 - l**2 - l - 1. Let x(o) = 3*v(o) + y(o). What is the hundreds digit of x(7)?
3
Let y = 315 + -313. Suppose 2*z + y*l - 6*l - 344 = 0, -5*l = 20. What is the tens digit of z?
6
Let d = -387 + 412. Suppose -23*r - 802 = -d*r. What is the tens digit of r?
0
Let w be (0 - -8*2)/(137 - 135). What is the hundreds digit of -1310*((-36)/w - -4)?
6
Let j = -41 + 44. Let g(i) = j*i + 0*i + 3 + 6*i + 0. What is the tens digit of g(6)?
5
Let g be (-10)/4*8*1386/(-165). Suppose -3*o + 18 = 2*h, -3*o + 0*o = h - 15. Suppose h*a = 24 + g. What is the tens digit of a?
6
Let s(m) = 2*m**3 - 24*m**2 + 21*m + 13. What is the tens digit of s(18)?
7
Let h(w) = -9*w - 18. Let s be h(-9). Suppose 61*o = s*o - 144. Let q = o + 55. What is the units digit of q?
7
Let y be ((-145)/(-58))/(1/2). Let i be (-126104)/(-28) + (-6)/(-105)*y. What is the tens digit of (-6)/(-180)*i + 2/(-15)?
5
Suppose 30*v - 35*v + 145 = 0. Let f = v - 21. Let r = 79 - f. What is the units digit of r?
1
Suppose -16*u - 4*u + 57592 = -59388. What is the units digit of u?
9
Suppose -33*w - 15*w + 305910 = 62*w. What is the tens digit of w?
8
Let j = 493 + -541. What is the thousands digit of 15968/9 + 1 - j/(-216)?
1
Let m(c) be the third derivative of 5*c**4/8 - 73*c**3/3 + c**2 + 93*c. What is the hundreds digit of m(22)?
1
Suppose 2*v = 4*v - 2*d - 4, 4*v = -4*d + 24. Let o be 0 + v + (2 - 40). Let b = o - -65. What is the tens digit of b?
3
Suppose 5*j - 5*p = 340455, 272346 = 4*j - 4*p + 6*p. Suppose j - 10328 = 38*g. What is the units digit of g?
0
Suppose -6*i + 15*i = 54. Let w(s) = 3*s**3 - 8*s**2 + 9*s - 16. What is the hundreds digit of w(i)?
3
Let b = 161 - 115. Suppose -269 = -4*l - 3*a, 3*l - 2*l = -5*a + b. Suppose -l = 15*i - 16*i. What is the units digit of i?
1
Let t(y) be the first derivative of -27 - 8*y - 15/2*y**2. What is the units digit of t(-3)?
7
Suppose 170*c - 169*c = -4. What is the units digit of 610*2/(-8)*c?
0
Let i be 1*57 + ((-35)/5 - -5). Let k = i - 68. Let u = k - -81. What is the tens digit of u?
6
Suppose 29*k = 28*k + 5*q + 9346, 0 = -4*k - 5*q + 37309. What is the thousands digit of k?
9
Let m = 176250 - 101194. What is the units digit of m?
6
Let u(w) be the first derivative of w**3 + 9*w**2 - 69*w - 157. What is the hundreds digit of u(7)?
2
Suppose 0*q + 3*q = -6, -5*r = -2*q - 649. Suppose -40 = 2*n + 14. Let h = r + n. What is the tens digit of h?
0
Let r be -1 - -2 - (-5 + 5 + 2). Let z be 3/(r - 21/(-18)). Suppose 0*p - 4*s + z = 2*p, -4*p - 2*s + 60 = 0. What is the units digit of p?
7
Let j(y) = -1680*y + 264. What is the thousands digit of j(-1)?
1
Suppose 12*q = 19*q - 511. Let u = q - -406. What is the units digit of u?
9
Let n = 50015 - 174. What is the tens digit of n?
4
Suppose 3*u + 2*t = 4*u - 2, 0 = 2*u - 5*t - 2. Let p be (-11)/(26/u - 4). Let n = p + 37. What is the units digit of n?
4
Let o be (-845)/(-104) + (-1)/8. What is the hundreds digit of 5/40 - (-4351)/o?
5
Let p(k) = 2*k**2 + k. Let w(g) = -2*g + 6. Let f be w(3). Suppose 2*t - 6*t + 4 = f. What is the units digit of p(t)?
3
Let o(z) be the second derivative of -4/3*z**3 + 9/2*z**2 + 1/4*z**4 - 6*z + 0. What is the units digit of o(4)?
5
Suppose 126 = 3*x + 1911. Let l = x - -1007. What is the tens digit of l?
1
Let s = -701 - -415. Let q = s + 340. What is the tens digit of q?
5
Let z(g) = -97*g + 15*g + 4*g - 36*g**2 + 34*g**2 + 40. What is the units digit of z(-38)?
6
Suppose -3*s + 2*q = 31, 6*s + 53 = s + 2*q. Let g(c) = c**3 + 11*c**2 - c - 8. Let b be g(s). What is the units digit of 12/(b/3)*114/9?
2
Let a be (1 + -2)/(2/(-6)). Let w = -5940 - -6136. Suppose 55 = -a*h + w. What is the tens digit of h?
4
Let p(d) = -14*d - 16. Suppose -u - 3*z + 9 = z, -4*u + 2*z = -18. Let c be p(u). Let n = -69 - c. What is the tens digit of n?
1
Let b(q) be the third derivative of q**5/6 - 13*q**4/24 + 13*q**3/6 - 5*q**2 - 4. What is the units digit of b(9)?
6
Let z = -2686 - -11260. What is the hundreds digit of z?
5
Let v be (-1)/(2/8)*(-33)/12. Let x = v - 2. Let g(o) = -o + 40. What is the units digit of g(x)?
1
Suppose -5*x = 5*i - 101625, -51995 = -2*i - 4*x - 11359. What is the ten thousands digit of i?
2
Let z(m) = m**2 + 7*m - 71. Let o be z(10). Let n = o + -95. What is the units digit of n?
4
Let r be (-48)/2 + (7 - (11 + -1)). What is the tens digit of (r/6 + -2 + 6)*-210?
0
Let m be 18/(-12) + 9/(-2). What is the hundreds digit of (-1 - -56)*((-51)/(-3) + m)?
6
Let h = -758 - -388. What is the units digit of 1/(-5)*(5 + h)?
3
Suppose -14*t = -11*t - 3. Let l be (2 - 0 - 3)*(14 - t). Let r(s) = -s**3 - 13*s**2 - 3*s - 9. What is the tens digit of r(l)?
3
Let i(f) = -18*f + 0*f**2 + 21 - f**2 - 24. Let b be i(-6). Suppose -b + 137 = m. What is the tens digit of m?
6
Let b(p) = 119*p - 20. Let d be b(5). Suppose 9*y = 4*y + d. Suppose 27 = -l + y. What is the tens digit of l?
8
Let n = 46663 + -21864. What is the hundreds digit of n?
7
Let k be 56/(-8) - 0 - -11. Let y(q) = 163*q**3 + 2*q. Let p be y(2). What is the tens digit of k/10 - p/(-30)?
4
Let n(s) = -2*s**2 + 43*s - 102. Let l be n(18). What is the hundreds digit of -2036*l/(-160) - (-4)/(-10)?
3
Let w be ((-2)/4)/((-4)/16 - 0). Suppose d - 15 = -w*j, 3*j + j - d = 27. What is the units digit of -4 + j + -1 + 128?
0
Let b be (-30)/9*(-18)/(-5). Let j be 2/7 - (-8)/(-28). What is the hundreds digit of ((-6)/b)/(1/232 + j)?
1
Let i(r) = -27*r + 5. Let t = -46 - -42. Let o be i(t). Suppose -7*s + 986 = -o. What is the units digit of s?
7
Let b(f) = f**3 + 10*f**2 + 6*f - 25. Let t be b(-9). What is the hundreds digit of (9/(-15))/(t/(-3260))?
9
Let y = -515 + 221. What is the tens digit of y*(-11 + 9 + 0 + 1)?
9
Let w(k) = 56 + 6*k - 13*k - 23*k. What is the tens digit of w(-14)?
7
Let n(a) be the second derivative of -a**5/20 + 17*a**4/12 + 25*a**3/6 - 22*a. Let x be n(18). Let s = 223 - x. What is the units digit of s?
7
Let a(s) = -20*s + 40. Let w(k) = 1. Let h(m) = -a(m) + 50*w(m). Suppose -4*n = -o - 17, -5*o + 46*n + 35 = 50*n. What is the tens digit of h(o)?
7
Let z(l